). What is the units digit of t*(-1)/(-4) - -301?
6
Suppose 2*b - 4*w - 37 = b, -3*w = 5*b - 116. Suppose -4*t + 29*o + 4692 = b*o, -4*o + 4716 = 4*t. What is the tens digit of t?
7
Let t(f) = -f**2 - 7*f + 25. Suppose 0 = -o + 3*x - 20, -3*o = 2*x - x + 30. Let m be t(o). Let j = 32 - m. What is the units digit of j?
1
Suppose 4*r + 52730 = 3*w, 62*w - 61*w + 5*r - 17545 = 0. What is the units digit of w?
0
Let j(q) = 10*q + 28. Let y(u) = 3*u + 9. Let r(g) = -2*j(g) + 7*y(g). Let v be r(-4). Let h(x) = 4*x**2 + 5*x - 2. What is the units digit of h(v)?
9
What is the tens digit of (-6 + 6 - -3)/(-1)*-1787?
6
Let i = 9411 - 4659. What is the units digit of i?
2
Suppose 168*k - 800 = 164*k. Suppose a = k + 168. What is the hundreds digit of a?
3
Let v = -20512 - -34111. What is the ten thousands digit of v?
1
Let t(p) = 23035*p + 2415. What is the ten thousands digit of t(1)?
2
Suppose -l = 2*p - 29350, -73414 = -5*p - 4*l + 8*l. What is the units digit of p?
8
Let m be 0 + -1 + 13*2. Let x = -16649 + 16669. Suppose -m*y + 15 = -x*y. What is the units digit of y?
3
Suppose 0 = 11*c - 391 + 1403. Let p be c*(-3 - (-5)/2). Suppose 5*o - 3*l = 384, 2*l - 98 = -2*o + p. What is the units digit of o?
5
Let o = -205 - -193. What is the units digit of (-1)/3 + ((-208)/o - 1)?
6
Suppose -341 = 2*v + 65. Let f = 130 + v. Let j = f - -167. What is the units digit of j?
4
Suppose y = -k + 21, -5*y + 8*y - 33 = 3*k. Suppose y*h + 1343 = 6991. What is the hundreds digit of h?
3
Suppose 3*d - 7*b - 1 = -5*b, -5*d - 5*b = -35. Suppose -d*l + 316 = -806. What is the tens digit of l?
7
Suppose -4*f - 2792 = 4*q, -5*f + 585 - 4079 = 3*q. Let c = f + 1000. What is the tens digit of c?
0
Suppose 2*t = 6*t - 16. Suppose -t*w - 74 = -3*h, -76 = 2*h - 4*h - 4*w. What is the tens digit of (14 - h)*-2*1?
3
Suppose 4*i = 5*t - 12 - 451, 5*t = 3*i + 466. Let k = -7 + t. What is the units digit of (k/(-32))/(1 + (-17)/16)?
4
Let m(c) = 42*c**3 + 29*c**2 - 73*c - 4. What is the tens digit of m(9)?
0
Suppose -9*p + 1 = -11*p + 5*m, 3*p - m = 5. What is the units digit of 1594/2 + p/(-2)?
6
Suppose 4*a - 6260 = 5472. What is the hundreds digit of a?
9
Let n be 1/3 - (-374)/66. Suppose -j = 5*k + 8 - 0, -k = -2*j + n. Suppose 2*b = -2*c + 74, -j*c - 4*b + 9 + 59 = 0. What is the units digit of c?
0
Suppose 122*o - 105*o = 60860. What is the thousands digit of o?
3
Let h be 4*3/6*35/(-5). What is the tens digit of h/98 - (701/(-7) - 2)?
0
Suppose 18998*g - 38256 = 18990*g. What is the units digit of g?
2
Let b be (-1)/(-4) - 89/4. Let w = -6118 + 6120. What is the units digit of (w - 4)/4 - b/4?
5
Suppose -605 = 3*h + 4*o, 0*h = -3*h + 5*o - 641. What is the hundreds digit of 2/((-12)/h)*4?
1
Let x be (97710/27)/5 - (-2)/9. Let z = -153 + x. What is the tens digit of z?
7
Suppose 2*d - 5*g - 291 - 17060 = 0, 5*d = -3*g + 43300. What is the tens digit of d?
6
What is the ten thousands digit of (-3 - 12/(-8))*(-2 + 110684/(-6))?
2
Let g(s) = -3*s + 10*s**2 + 6*s**2 + 6*s**2 + 4*s - 21*s**2 - 8. Suppose -c - 32 = -5*c. What is the tens digit of g(c)?
6
Let o(u) be the first derivative of u**4/4 - 2*u**3/3 - 3*u**2 + 262*u - 65. What is the units digit of o(0)?
2
Let j = 754 - 706. Suppose 0 = -j*a + 51*a - 2673. What is the units digit of a?
1
Suppose -2*g - 7 = -u + 2, -5*u - 11 = 4*g. Let p(w) = -8*w - 75*w + 252*w + 1. What is the hundreds digit of p(u)?
1
Let z = 18 - 8. Let v(o) = 121*o - 10*o - z*o + 40*o - 4. What is the tens digit of v(1)?
3
What is the tens digit of 0 - 0 - (-187)/(-22)*-1422?
8
Let d be (30/(-75))/(0 + (-1)/505). Suppose 246 + d = 3*z - 2*r, 458 = 3*z - 4*r. What is the hundreds digit of z?
1
Let b(w) = -w**3 - 34*w**2 + 25*w + 44. Suppose 2*u + 70 = -2*j + 10, -5*u = -3*j - 130. What is the tens digit of b(j)?
9
Suppose -23 = -5*m + 2*q + 167, 4*q = m - 20. Suppose 650 = -35*k + m*k. What is the tens digit of k?
3
Let z(h) = -25*h + 11 - 21 + 99*h + 8. What is the tens digit of z(1)?
7
Let r(l) = l**2 + 10*l - 17. Let v be r(-12). Suppose -2*x + 61 = -u, x - v*u = -2*u + 26. Let m = x + 16. What is the tens digit of m?
4
Suppose 0 = -9*v + 4*v. Suppose 7*d - 3*d = -4, v = 2*p + d - 527. Suppose -2*x + 6*x - 4*m - p = 0, 196 = 3*x - 4*m. What is the tens digit of x?
6
What is the thousands digit of 7*(-1)/2*1425676/(-2891)?
1
Let d = 36 + -36. Suppose -5 = -3*k + 2*p - 4*p, d = 2*k + p - 5. Suppose r + 16 = k*r. What is the units digit of r?
4
Let m(p) be the second derivative of -2*p**3 + 39*p**2/2 + 2*p. Let r be 3 - ((-10)/15)/(2/(-51)). What is the units digit of m(r)?
7
Let l(r) = 5*r**3 - 33 - 4*r**3 - 2*r**3 + 145 - 6*r**2 - 110 + 10*r. Suppose -3*w - 17 = 5*f, -3*w + 2*f - 4*f - 23 = 0. What is the tens digit of l(w)?
5
Let g(t) = -35 + 15 + 120*t**2 + 17 + 18*t**2. What is the hundreds digit of g(2)?
5
Let y = -316 - 142. Let p = y + 1454. What is the hundreds digit of p?
9
Suppose 14*s - 39020 = 78841 + 9721. What is the thousands digit of s?
9
Let v be (-1 + 2)*(-232)/(-29). What is the hundreds digit of ((-19056)/(-42) - v) + (-4)/(-14)?
4
Suppose 45*k = 35*k + 40. Suppose -3*y + 6036 = k*f, -6*y = 5*f - 3*y - 7545. What is the units digit of f?
9
Suppose 0 = 5*v + l - 7, 2*v + 1 = -2*l - 1. What is the units digit of v/(-14) + 29690/70?
4
Let r(v) = 461*v**2 + 45*v - 163. What is the thousands digit of r(4)?
7
Let z(u) = 32*u**2 - 823*u + 230. What is the tens digit of z(50)?
8
Let y(x) = 57*x**3 + 11*x**2 - 34*x + 49. What is the units digit of y(5)?
9
Let m = 1010 + 600. What is the tens digit of m?
1
What is the units digit of -4*10/(-12)*(82468/20 - -25)?
8
Let a be (544/28)/4 - (-2)/14. Suppose -560 = -a*l - 5*i, -6*l = -10*l + 5*i + 430. What is the units digit of l?
0
Let r(t) = -177*t + 120. Let d be r(-10). Suppose -634 = 8*o - d. What is the tens digit of o?
5
Suppose -2*s - 2*z - 774 = 0, -5*z = 5*s - z + 1932. Let u = -328 - s. What is the units digit of u?
6
Let z(q) = 21*q**2 + 7*q**2 + 15*q - 5 - 3 - 8*q**2. What is the units digit of z(6)?
2
Suppose 0 = -4*j + 4*s - 36, 15 + 6 = -4*j - s. Suppose 0 = -12*q - 42 - 18. What is the units digit of (-10 + 2)/(-1 + q/j)?
8
Suppose -3*y + o + 7 = -4, 14 = 4*y - 2*o. Let k be 3/4*-5*y. Let s(d) = -2*d + 27. What is the tens digit of s(k)?
5
Suppose -3*d - 3*c + 21 = 2*c, -15 = -3*d - 3*c. Let l be (-11 + 8)*(1 - d). Let h = 40 + l. What is the units digit of h?
3
Let k = 156 + -152. Let b be (-9)/6 + (-2)/k - 583. Let i = b - -861. What is the units digit of i?
6
What is the ten thousands digit of 10*(22 - (-222696)/40)?
5
Let n = -1023 - -708. Let f = 3 - n. What is the units digit of f?
8
Let l(b) = 17*b**2 - 1124*b + 254. What is the thousands digit of l(76)?
3
Suppose 0 = 4*m - 2*i - 10, 4*m = -5*i + 37 + 8. Suppose -m*j - 2*g = -1076, -3*g - 666 = -5*j + 420. Let n = 367 - j. What is the units digit of n?
1
Let p = 2548 + 939. What is the thousands digit of p?
3
Let y be (2*(-6)/36)/((-3)/189). Let h = y - -337. What is the hundreds digit of h?
3
Suppose 18*j + 23*j = 50*j - 257004. What is the units digit of j?
6
Let z be 212/6 + 12/18. Let w be z/45 + 302/10. Suppose 163 - w = 4*b. What is the tens digit of b?
3
Let t be (-7 - (-6 - 3)) + (-1 - -41). Suppose 4*b - 74 - t = -3*z, 0 = 2*z + 3*b - 78. What is the units digit of (-1 - 3)*102/z*-3?
4
Let o(r) = -79*r**2 + 11*r + 10. Let f(m) = -41*m**2 + 6*m + 5. Let w(j) = -13*f(j) + 6*o(j). What is the units digit of w(3)?
0
Let v(w) = 488*w + 76. Let l be v(7). Let y = l - 1478. What is the thousands digit of y?
2
Let b be 0 - (99/15 - (-10)/25). Let h(z) = -25*z - 23. Let m be h(b). Suppose -4*a - 17 = -5*n + 141, -a - m = -5*n. What is the tens digit of n?
3
Suppose -5*y + 5*g = 0, 4*y + 6 - 24 = -5*g. Suppose -2*v + 484 + 20 = y*w, -w = -4*v - 257. What is the hundreds digit of w?
2
Suppose -v + 4 = 0, -3*l = -3*v - 2*v + 14. Let w be 6/(-5)*((-15)/l)/3. What is the tens digit of (-33)/(-9)*(w + 0)?
1
Let y(q) = -q**3 + 19*q**2 + 2*q - 19. Let n be y(16). Suppose 8*d - 3013 = -n. Let z = d + -182. What is the tens digit of z?
9
Let h(g) = -g**3 + 12*g**2 + 7*g + 12. Let k be h(9). Suppose 2*w + o + 229 = 5*w, -5*o + k = 4*w. Suppose w = 5*b - 208. What is the tens digit of b?
5
Let l be (-8)/52 - (-1264)/104. Suppose -1